{"id":26,"date":"2024-10-22T16:32:08","date_gmt":"2024-10-22T16:32:08","guid":{"rendered":"https:\/\/baggerundbaum-peter.de\/?page_id=26"},"modified":"2024-10-22T17:43:53","modified_gmt":"2024-10-22T17:43:53","slug":"leistungen","status":"publish","type":"page","link":"https:\/\/wp.baggerundbaum-peter.de\/?page_id=26","title":{"rendered":"Leistungen"},"content":{"rendered":"\n<div class=\"wp-block-group alignfull has-base-2-background-color has-background has-global-padding is-layout-constrained wp-container-core-group-is-layout-669513ed wp-block-group-is-layout-constrained\" id=\"Leistungen\" style=\"margin-top:0;margin-bottom:0;padding-top:var(--wp--preset--spacing--50);padding-right:var(--wp--preset--spacing--50);padding-bottom:var(--wp--preset--spacing--50);padding-left:var(--wp--preset--spacing--50)\">\n<div class=\"wp-block-group has-global-padding is-layout-constrained wp-container-core-group-is-layout-e555385e wp-block-group-is-layout-constrained\">\n<h2 class=\"wp-block-heading has-text-align-center is-style-asterisk\"><a href=\"https:\/\/wp.baggerundbaum-peter.de\/?page_id=26\" data-type=\"page\" data-id=\"26\">Leistungen<\/a><\/h2>\n\n\n\n<div style=\"height:1.25rem\" aria-hidden=\"true\" class=\"wp-block-spacer\"><\/div>\n\n\n\n<p class=\"has-text-align-center\">Unser umfassendes Angebot an professionellen Dienstleistungen richtet sich an einen breit gef\u00e4cherten Kundenkreis, der von Hausbesitzern bis hin zu gewerblichen Bautr\u00e4gern reicht.<\/p>\n<\/div>\n\n\n\n<div style=\"margin-top:0;margin-bottom:0;height:var(--wp--preset--spacing--40)\" aria-hidden=\"true\" class=\"wp-block-spacer\"><\/div>\n\n\n\n<div class=\"wp-block-columns alignwide is-layout-flex wp-container-core-columns-is-layout-d0bbbce0 wp-block-columns-is-layout-flex\">\n<div class=\"wp-block-column is-layout-flow wp-container-core-column-is-layout-e3d1c41b wp-block-column-is-layout-flow\">\n<h3 class=\"wp-block-heading has-text-align-left is-style-default has-body-font-family has-medium-font-size\" style=\"font-style:normal;font-weight:600\">Baggerarbeiten<\/h3>\n\n\n\n<p class=\"has-text-align-left\">Erdbauarbeiten<\/p>\n\n\n\n<p>Erstellen von Schotterfl\u00e4chen<\/p>\n\n\n\n<p>Aushub z.B. f\u00fcr Swimming-Pool<\/p>\n\n\n\n<p>Grabenr\u00e4umung<\/p>\n\n\n\n<p>Abziehen der Bankette<\/p>\n<\/div>\n\n\n\n<div class=\"wp-block-column is-layout-flow wp-container-core-column-is-layout-e3d1c41b wp-block-column-is-layout-flow\">\n<h3 class=\"wp-block-heading has-text-align-left is-style-default has-body-font-family has-medium-font-size\" style=\"font-style:normal;font-weight:600\">Baumf\u00e4llungen<\/h3>\n\n\n\n<p class=\"has-text-align-left\">Konventionelle Baumf\u00e4llung<\/p>\n\n\n\n<p>F\u00e4llung mit Arbeitsb\u00fchne<\/p>\n\n\n\n<p>Seilklettertechnik<\/p>\n\n\n\n<p>Aufarbeiten von Sturmsch\u00e4den<\/p>\n\n\n\n<p>Rodungen<\/p>\n<\/div>\n\n\n\n<div class=\"wp-block-column is-layout-flow wp-container-core-column-is-layout-e3d1c41b wp-block-column-is-layout-flow\">\n<h3 class=\"wp-block-heading has-text-align-left is-style-default has-body-font-family has-medium-font-size\" style=\"font-style:normal;font-weight:600\">Weitere Angebote<\/h3>\n\n\n\n<p class=\"has-text-align-left\">Wurzelentfernung<\/p>\n\n\n\n<p>Geh\u00f6lzpflege<\/p>\n\n\n\n<p class=\"has-text-align-left\">Entsorgung des anfallenden Schnittguts<\/p>\n\n\n\n<p>Abbrucharbeiten<\/p>\n\n\n\n<p>Baufeldr\u00e4umung<\/p>\n\n\n\n<p>u.v.m.<\/p>\n<\/div>\n<\/div>\n\n\n\n<div style=\"height:var(--wp--preset--spacing--20)\" aria-hidden=\"true\" class=\"wp-block-spacer\"><\/div>\n\n\n\n<div class=\"wp-block-columns alignwide is-layout-flex wp-container-core-columns-is-layout-d0bbbce0 wp-block-columns-is-layout-flex\">\n<div class=\"wp-block-column is-layout-flow wp-container-core-column-is-layout-e3d1c41b wp-block-column-is-layout-flow\">\n<p class=\"has-text-align-left\"><\/p>\n<\/div>\n\n\n\n<div class=\"wp-block-column is-layout-flow wp-container-core-column-is-layout-e3d1c41b wp-block-column-is-layout-flow\">\n<p class=\"has-text-align-left\"><\/p>\n<\/div>\n<\/div>\n<\/div>\n","protected":false},"excerpt":{"rendered":"<p>Leistungen Unser umfassendes Angebot an professionellen Dienstleistungen richtet sich an einen breit gef\u00e4cherten Kundenkreis, der von Hausbesitzern bis hin zu gewerblichen Bautr\u00e4gern reicht. Baggerarbeiten Erdbauarbeiten Erstellen von Schotterfl\u00e4chen Aushub z.B. f\u00fcr Swimming-Pool Grabenr\u00e4umung Abziehen der Bankette Baumf\u00e4llungen Konventionelle Baumf\u00e4llung F\u00e4llung mit Arbeitsb\u00fchne Seilklettertechnik Aufarbeiten von Sturmsch\u00e4den Rodungen Weitere Angebote Wurzelentfernung Geh\u00f6lzpflege Entsorgung des anfallenden Schnittguts [&hellip;]<\/p>\n","protected":false},"author":1,"featured_media":0,"parent":0,"menu_order":0,"comment_status":"closed","ping_status":"closed","template":"","meta":{"postBodyCss":"","postBodyMargin":[],"postBodyPadding":[],"postBodyBackground":{"backgroundType":"classic","gradient":""},"ngg_post_thumbnail":0,"footnotes":""},"class_list":["post-26","page","type-page","status-publish","hentry"],"_links":{"self":[{"href":"https:\/\/wp.baggerundbaum-peter.de\/index.php?rest_route=\/wp\/v2\/pages\/26","targetHints":{"allow":["GET"]}}],"collection":[{"href":"https:\/\/wp.baggerundbaum-peter.de\/index.php?rest_route=\/wp\/v2\/pages"}],"about":[{"href":"https:\/\/wp.baggerundbaum-peter.de\/index.php?rest_route=\/wp\/v2\/types\/page"}],"author":[{"embeddable":true,"href":"https:\/\/wp.baggerundbaum-peter.de\/index.php?rest_route=\/wp\/v2\/users\/1"}],"replies":[{"embeddable":true,"href":"https:\/\/wp.baggerundbaum-peter.de\/index.php?rest_route=%2Fwp%2Fv2%2Fcomments&post=26"}],"version-history":[{"count":6,"href":"https:\/\/wp.baggerundbaum-peter.de\/index.php?rest_route=\/wp\/v2\/pages\/26\/revisions"}],"predecessor-version":[{"id":81,"href":"https:\/\/wp.baggerundbaum-peter.de\/index.php?rest_route=\/wp\/v2\/pages\/26\/revisions\/81"}],"wp:attachment":[{"href":"https:\/\/wp.baggerundbaum-peter.de\/index.php?rest_route=%2Fwp%2Fv2%2Fmedia&parent=26"}],"curies":[{"name":"wp","href":"https:\/\/api.w.org\/{rel}","templated":true}]}}